{"id":10,"date":"2020-07-10T09:57:04","date_gmt":"2020-07-10T07:57:04","guid":{"rendered":"http:\/\/magazin.jacorprojekt.de\/?page_id=10"},"modified":"2026-01-21T11:52:32","modified_gmt":"2026-01-21T10:52:32","slug":"startseite","status":"publish","type":"page","link":"https:\/\/partnersuche-ab-60.at\/magazin\/","title":{"rendered":"Startseite"},"content":{"rendered":"<div class=\"wpb-content-wrapper\"><p>[vc_row][vc_column el_class=&#8220;custombloglist&#8220; width=&#8220;2\/3&#8243;][vc_column_text el_class=&#8220;displaymobile single-widget-embed customboxstart&#8220;]<\/p>\n<h2>Partnersuche ab 60<\/h2>\n<p><a class=\"btn btn-primary btn-block btn-ab60\" href=\"https:\/\/partnersuche-ab-60.at\/suche\/?AID=p60atMagWid\" target=\"_blank\" rel=\"noopener\">Jetzt Singles finden<\/a>[\/vc_column_text]<div class=\"latest-blog vertical clearfix\"><div class=\"latest-blog-list  clearfix wpb_content_element\">\n\t\t\t\t\t\t\t<div class=\"blog-list-item-thumb\"><a href=\"https:\/\/partnersuche-ab-60.at\/magazin\/dating\/erstes-date-ab-60-10-tipps-da\/\" title=\"Erstes Date ab 60: 10 Tipps, damit das Kribbeln zur\u00fcckkommt\"><img decoding=\"async\" src=\"https:\/\/partnersuche-ab-60.at\/magazin\/wp-content\/uploads\/2026\/03\/1774973786232-image_generation-google.png\" alt=\"Erstes Date ab 60: 10 Tipps, damit das Kribbeln zur\u00fcckkommt\" title=\"\"><\/a><\/div>\n\t\t\t\t\t\t  \t<div class=\"blog-list-item-description\">\n\t\t\t\t\t\t\t\t<h3><a href=\"https:\/\/partnersuche-ab-60.at\/magazin\/dating\/erstes-date-ab-60-10-tipps-da\/\" title=\"Erstes Date ab 60: 10 Tipps, damit das Kribbeln zur\u00fcckkommt\">Erstes Date ab 60: 10 Tipps, damit das Kribbeln zur\u00fcckkommt<\/a><\/h3>\n\t\t\t\t\t\t\t  \t<div class=\"blog-list-item-excerpt\">Sie haben online jemanden kennengelernt, der Ihr Herz schneller schlagen l\u00e4sst. Jetzt steht das erste Treffen an. Aufregung, Vorfreude und vielleicht auch ein wenig Unsicherheit.. <a href=\"https:\/\/partnersuche-ab-60.at\/magazin\/dating\/erstes-date-ab-60-10-tipps-da\/\">Weiterlesen<\/a><\/div>\n\t\t\t\t\t\t\t<\/div>\n\t\t\t\t\t  \t<\/div><div class=\"latest-blog-list  clearfix wpb_content_element\">\n\t\t\t\t\t\t\t<div class=\"blog-list-item-thumb\"><a href=\"https:\/\/partnersuche-ab-60.at\/magazin\/dating\/online-dating-profil\/\" title=\"In 7 Tipps zum perfekten Online Dating Profil\"><img decoding=\"async\" src=\"https:\/\/partnersuche-ab-60.at\/magazin\/wp-content\/uploads\/2026\/03\/pexels-cottonbro-6833572-1.jpg\" alt=\"In 7 Tipps zum perfekten Online Dating Profil\" title=\"\"><\/a><\/div>\n\t\t\t\t\t\t  \t<div class=\"blog-list-item-description\">\n\t\t\t\t\t\t\t\t<h3><a href=\"https:\/\/partnersuche-ab-60.at\/magazin\/dating\/online-dating-profil\/\" title=\"In 7 Tipps zum perfekten Online Dating Profil\">In 7 Tipps zum perfekten Online Dating Profil<\/a><\/h3>\n\t\t\t\t\t\t\t  \t<div class=\"blog-list-item-excerpt\">Die Vorstellung, dass Sexualit\u00e4t im Alter nebens\u00e4chlich wird, ist ein weit verbreitetes Missverst\u00e4ndnis. Tats\u00e4chlich spielt sie eine entscheidende Rolle f\u00fcr Ihr emotionales und k\u00f6rperliches Wohlbefinden... <a href=\"https:\/\/partnersuche-ab-60.at\/magazin\/dating\/online-dating-profil\/\">Weiterlesen<\/a><\/div>\n\t\t\t\t\t\t\t<\/div>\n\t\t\t\t\t  \t<\/div><div class=\"latest-blog-list  clearfix wpb_content_element\">\n\t\t\t\t\t\t\t<div class=\"blog-list-item-thumb\"><a href=\"https:\/\/partnersuche-ab-60.at\/magazin\/beziehung\/sex-im-alter-und-seine-bedeutung-fuer\/\" title=\"Sex im Alter und seine Bedeutung f\u00fcr Ihr Wohlbefinden\"><img decoding=\"async\" src=\"https:\/\/partnersuche-ab-60.at\/magazin\/wp-content\/uploads\/2025\/03\/pexels-rdne-6657564-1.jpg\" alt=\"Sex im Alter und seine Bedeutung f\u00fcr Ihr Wohlbefinden\" title=\"\"><\/a><\/div>\n\t\t\t\t\t\t  \t<div class=\"blog-list-item-description\">\n\t\t\t\t\t\t\t\t<h3><a href=\"https:\/\/partnersuche-ab-60.at\/magazin\/beziehung\/sex-im-alter-und-seine-bedeutung-fuer\/\" title=\"Sex im Alter und seine Bedeutung f\u00fcr Ihr Wohlbefinden\">Sex im Alter und seine Bedeutung f\u00fcr Ihr Wohlbefinden<\/a><\/h3>\n\t\t\t\t\t\t\t  \t<div class=\"blog-list-item-excerpt\">Die Vorstellung, dass Sexualit\u00e4t im Alter nebens\u00e4chlich wird, ist ein weit verbreitetes Missverst\u00e4ndnis. Tats\u00e4chlich spielt sie eine entscheidende Rolle f\u00fcr Ihr emotionales und k\u00f6rperliches Wohlbefinden... <a href=\"https:\/\/partnersuche-ab-60.at\/magazin\/beziehung\/sex-im-alter-und-seine-bedeutung-fuer\/\">Weiterlesen<\/a><\/div>\n\t\t\t\t\t\t\t<\/div>\n\t\t\t\t\t  \t<\/div><div class=\"latest-blog-list  clearfix wpb_content_element\">\n\t\t\t\t\t\t\t<div class=\"blog-list-item-thumb\"><a href=\"https:\/\/partnersuche-ab-60.at\/magazin\/partnersuche\/fake-profile-beim-onli\/\" title=\"Fake-Profile beim Online-Dating: So erkennen Sie falsche Profile auf den ersten Blick\"><img decoding=\"async\" src=\"https:\/\/partnersuche-ab-60.at\/magazin\/wp-content\/uploads\/2026\/01\/Steckbrief-neue-01.07.2024-47.png\" alt=\"Fake-Profile beim Online-Dating: So erkennen Sie falsche Profile auf den ersten Blick\" title=\"\"><\/a><\/div>\n\t\t\t\t\t\t  \t<div class=\"blog-list-item-description\">\n\t\t\t\t\t\t\t\t<h3><a href=\"https:\/\/partnersuche-ab-60.at\/magazin\/partnersuche\/fake-profile-beim-onli\/\" title=\"Fake-Profile beim Online-Dating: So erkennen Sie falsche Profile auf den ersten Blick\">Fake-Profile beim Online-Dating: So erkennen Sie falsche Profile auf den ersten Blick<\/a><\/h3>\n\t\t\t\t\t\t\t  \t<div class=\"blog-list-item-excerpt\">Online-Dating bietet Menschen ab 60 eine gro\u00dfe Chance. Sie finden neue Gesellschaft, Z\u00e4rtlichkeit und vielleicht die zweite gro\u00dfe Liebe. Doch eine Sorge bleibt: Fake-Profile. Wer.. <a href=\"https:\/\/partnersuche-ab-60.at\/magazin\/partnersuche\/fake-profile-beim-onli\/\">Weiterlesen<\/a><\/div>\n\t\t\t\t\t\t\t<\/div>\n\t\t\t\t\t  \t<\/div><div class=\"latest-blog-list  clearfix wpb_content_element\">\n\t\t\t\t\t\t\t<div class=\"blog-list-item-thumb\"><a href=\"https:\/\/partnersuche-ab-60.at\/magazin\/partnersuche\/frauen_kennenlernen\/\" title=\"5 Wege zum Frauen Kennenlernen ab 60\"><img decoding=\"async\" src=\"https:\/\/partnersuche-ab-60.at\/magazin\/wp-content\/uploads\/2026\/01\/pexels-pixabay-34761-1.jpg\" alt=\"5 Wege zum Frauen Kennenlernen ab 60\" title=\"\"><\/a><\/div>\n\t\t\t\t\t\t  \t<div class=\"blog-list-item-description\">\n\t\t\t\t\t\t\t\t<h3><a href=\"https:\/\/partnersuche-ab-60.at\/magazin\/partnersuche\/frauen_kennenlernen\/\" title=\"5 Wege zum Frauen Kennenlernen ab 60\">5 Wege zum Frauen Kennenlernen ab 60<\/a><\/h3>\n\t\t\t\t\t\t\t  \t<div class=\"blog-list-item-excerpt\">Im Leben ab 60 stehen viele Menschen vor neuen Herausforderungen und vor neuen Chancen. Nach Jahren voller pers\u00f6nlicher Entwicklung, beruflicher Erfahrung und famili\u00e4rer Verantwortung entsteht.. <a href=\"https:\/\/partnersuche-ab-60.at\/magazin\/partnersuche\/frauen_kennenlernen\/\">Weiterlesen<\/a><\/div>\n\t\t\t\t\t\t\t<\/div>\n\t\t\t\t\t  \t<\/div><div class=\"latest-blog-list  clearfix wpb_content_element\">\n\t\t\t\t\t\t\t<div class=\"blog-list-item-thumb\"><a href=\"https:\/\/partnersuche-ab-60.at\/magazin\/partnersuche\/maenner_kennenlernen\/\" title=\"Daten ab 60: So klappt es mit dem M\u00e4nner kennenlernen\"><img decoding=\"async\" src=\"https:\/\/partnersuche-ab-60.at\/magazin\/wp-content\/uploads\/2025\/12\/pexels-tima-miroshnichenko-56982-1.jpg\" alt=\"Daten ab 60: So klappt es mit dem M\u00e4nner kennenlernen\" title=\"\"><\/a><\/div>\n\t\t\t\t\t\t  \t<div class=\"blog-list-item-description\">\n\t\t\t\t\t\t\t\t<h3><a href=\"https:\/\/partnersuche-ab-60.at\/magazin\/partnersuche\/maenner_kennenlernen\/\" title=\"Daten ab 60: So klappt es mit dem M\u00e4nner kennenlernen\">Daten ab 60: So klappt es mit dem M\u00e4nner kennenlernen<\/a><\/h3>\n\t\t\t\t\t\t\t  \t<div class=\"blog-list-item-excerpt\">Im fortgeschrittenen Alter w\u00fcnschen sich viele Menschen einen neuen Lebensabschnitt voller N\u00e4he, Vertrautheit und inspirierender Begegnungen. M\u00e4nner \u00fcber 60 sind oft offen f\u00fcr Partnerschaft, sehnen.. <a href=\"https:\/\/partnersuche-ab-60.at\/magazin\/partnersuche\/maenner_kennenlernen\/\">Weiterlesen<\/a><\/div>\n\t\t\t\t\t\t\t<\/div>\n\t\t\t\t\t  \t<\/div><\/div>[\/vc_column][vc_column width=&#8220;1\/3&#8243;][vc_widget_sidebar sidebar_id=&#8220;blog-widgets&#8220;][\/vc_column][\/vc_row]<\/p>\n<\/div>","protected":false},"excerpt":{"rendered":"<p>[vc_row][vc_column el_class=&#8220;custombloglist&#8220; width=&#8220;2\/3&#8243;][vc_column_text el_class=&#8220;displaymobile single-widget-embed customboxstart&#8220;] Partnersuche ab 60 Jetzt Singles finden[\/vc_column_text][\/vc_column][vc_column width=&#8220;1\/3&#8243;][vc_widget_sidebar sidebar_id=&#8220;blog-widgets&#8220;][\/vc_column][\/vc_row]<\/p>\n","protected":false},"author":1,"featured_media":0,"parent":0,"menu_order":0,"comment_status":"closed","ping_status":"closed","template":"","meta":{"footnotes":""},"class_list":["post-10","page","type-page","status-publish","hentry"],"_links":{"self":[{"href":"https:\/\/partnersuche-ab-60.at\/magazin\/wp-json\/wp\/v2\/pages\/10","targetHints":{"allow":["GET"]}}],"collection":[{"href":"https:\/\/partnersuche-ab-60.at\/magazin\/wp-json\/wp\/v2\/pages"}],"about":[{"href":"https:\/\/partnersuche-ab-60.at\/magazin\/wp-json\/wp\/v2\/types\/page"}],"author":[{"embeddable":true,"href":"https:\/\/partnersuche-ab-60.at\/magazin\/wp-json\/wp\/v2\/users\/1"}],"replies":[{"embeddable":true,"href":"https:\/\/partnersuche-ab-60.at\/magazin\/wp-json\/wp\/v2\/comments?post=10"}],"version-history":[{"count":10,"href":"https:\/\/partnersuche-ab-60.at\/magazin\/wp-json\/wp\/v2\/pages\/10\/revisions"}],"predecessor-version":[{"id":1894,"href":"https:\/\/partnersuche-ab-60.at\/magazin\/wp-json\/wp\/v2\/pages\/10\/revisions\/1894"}],"wp:attachment":[{"href":"https:\/\/partnersuche-ab-60.at\/magazin\/wp-json\/wp\/v2\/media?parent=10"}],"curies":[{"name":"wp","href":"https:\/\/api.w.org\/{rel}","templated":true}]}}